-9 + 12?
96
(-1 - -2) + -1 - (105 - 94) - 30
-41
What is the value of (33 - (86 + -45)) + 8?
0
What is (2292 + -2271 - (2 - (98 + -1))) + -1 + -9?
106
What is -3 + 13 - (-45 + 43 - (-4 + -2 - -120))?
126
Evaluate -7 + (-16 - -55) - (8 + -6 + -9).
39
Evaluate (-68 - 4) + (-6 - -8) + (261 - 260).
-69
Calculate 10 + 38 + (-601 - -528).
-25
Evaluate -74 + 35 - (-5 - -4) - 3.
-41
What is the value of 19 + -34 + -38 + -5?
-58
Calculate 32 + (-22 - -20) - 56.
-26
(102 - 184) + 86 - (0 - -107)
-103
Evaluate -3 + 12 + -34 + (-1 - 5) + -1.
-32
What is -79 + 243 - (54 + 10)?
100
82 - 107 - (-1 + -63)
39
-49 - -11 - (-19 + -8 + 19)
-30
Calculate (10 - 1) + (-28 - (12 + -13 - -18)) + -1.
-37
-15 - (-63 - -69) - 21
-42
Evaluate (-21 - (26 + -40)) + 63 + -8.
48
What is 15 - (28 - 11) - (-7 - -2) - -29?
32
What is -1 + (-6 - (-3 + 8 - (26 - -30)))?
44
-25 + (80 + 6 - (3 + -6))
64
What is 2 + -7 + 11 + 3 - (-2 - -27)?
-16
What is the value of 31 + (-68 - -67) + 80?
110
Evaluate -43 - (21 + -37 + -66).
39
What is the value of -1 - -23 - 1 - (91 + 67 - 215)?
78
What is (57 - (52 + 76)) + 23?
-48
Evaluate 11 + -12 + 9 + -11 + 14 + 2 + -3.
10
What is -3767 - -3759 - ((11 - -4) + 1 + -1)?
-23
Calculate 776 - 767 - ((-2 + 5 - 1) + 19).
-12
What is the value of -5 + -20 + -28 + (30 - -32)?
9
What is the value of (-1 - 45) + (-37 - (8 - (6 + 37)))?
-48
Calculate (2 - -89) + 4 - ((-54 - -42) + 6).
101
What is the value of -34 - (-1 + -1 + 112 + (-42 - 53))?
-49
Evaluate 9 - -167 - (92 + (12 - 71)).
143
What is the value of 11 - -54 - (0 - (-11 - (13 + -6)))?
47
-45 + 102 + -37 + -32
-12
Evaluate (-2 + 0 - 0) + (-617 - -313) + 250.
-56
-20976 - -20947 - (1 + -168)
138
What is the value of -32 + 6 + 4 - 5 - (8 - -2)?
-37
What is (-10 - (-7 - -12)) + (-52 - -12)?
-55
What is 270 + -304 - (-1 + 1 + (-3 - -6))?
-37
What is 46 + -19 + -36 - (34 - -3)?
-46
What is the value of (-5 - (-6 + 4)) + 1 - (-1 + (49 - 145))?
95
What is the value of (6 - (22 - (23 + -8))) + 7 + 1?
7
-8 + -7 + -4 + 12 + (2 - -3)
-2
Calculate -3 + 0 - (-2362 - -2365).
-6
Calculate 0 + 70 - ((-284 - 37) + 346).
45
What is the value of -43 + -3 + 12 + (-14 - -6) + 9 + -2?
-35
Calculate 27 + (14 - (-4 + 42)).
3
What is (78 - 114) + (-2 - -2) + (0 - -1)?
-35
Calculate -3 - (81 - -4 - (-4 + (7 - 18) - -7)).
-96
Evaluate 0 + 73 - (4564 - 4439).
-52
Calculate -1 - 32 - (89 + -34 + -54).
-34
Evaluate 1 - (-10 - 0) - (7 + 2 + -1).
3
Evaluate (-8 - (-8 + 12)) + (85 - (7 - (8 - 9))).
65
Calculate (59 - 39) + 73 + -46.
47
6 - (24 - 17 - 17 - 43)
59
What is the value of -59 - -9 - -3 - (3 - 18)?
-32
What is -118 - (-72 + (25 - 62))?
-9
What is the value of 79 - ((122 - 63) + -92)?
112
What is 6 + (-5 - -2) + 22 + -1 + -10 + -8?
6
Evaluate 38 - (-27 + 42 - (3 + 10)).
36
(-7 - (27 - 29 - 3)) + (0 - -10)
8
Evaluate -13 + 118 + -59 - 83.
-37
What is 58 + (-3 - (9 + -24 + 9 + -1))?
62
What is the value of 21 + -19 + -12 + 18 + -3?
5
What is the value of -26 + -1 - (-24 - -1 - ((75 - 28) + -60))?
-17
What is the value of -37 + 62 + -13 + -24 + 3?
-9
(7 + -5 - 4 - (-576 + 560)) + 35
49
What is the value of -7 + -6 + 6 - (28 - (-8 + 8))?
-35
Evaluate -92 + 1 + (-58 - (-17 + 7) - -19 - -27).
-93
(1 + -10 - (8 - (-33 + 55))) + -102
-97
What is (6 - (6 + -17 - (-7 - 3))) + -23?
-16
Evaluate -1 + (2 - (-33 + 19 + 19)).
-4
Evaluate -22 + 19 + 27 + -10 + -58.
-44
What is the value of -20 - (-12 - 5) - -20 - -18?
35
-27 - -35 - (-2 - -12) - (-96 + 7 + -11)
98
What is the value of (212 - -1) + -544 + 429?
98
Evaluate -5 - (-28 - (-3 + 0 + -7 - -13 - 17)).
9
Evaluate -73 - (50 - 16 - 29) - (-1 + -7).
-70
Evaluate -124 + -1 + (12353 - 12240).
-12
Evaluate (-1 - 6 - (6 + -8 + (2 - 5))) + -18.
-20
What is -51 - ((-17 - -22) + 14 + -20 - (3 + -1))?
-48
What is the value of -35 - -20 - (13 - 28) - -48?
48
9 - (11 - (39 - 21)) - -8
24
Evaluate -162 - -148 - (6 + -6 - (55 + 2)).
43
What is the value of 33 + -1 + -353 + 281?
-40
-2 + (4 + 7 - 14) + 15
10
Evaluate (67 - -3) + (-19 - (11 + -18) - 3).
55
Evaluate 29 - (-103 + 105) - 94.
-67
What is the value of (-2 - (-1 - -1)) + (-92 - -118) + -26 - -103?
101
What is -76 + -4 - (-233 + 211)?
-58
What is the value of (-96 - -60) + 24 + 8 + 0 + 6?
2
What is 8 + (84 - (187 + -109))?
14
-108 + (-17 - (22 - 38 - 16))
-93
Evaluate -53 + 44 + -13 + 0.
-22
What is 55 - (2 + 1 + (-59 - -70))?
41
Evaluate 1 + (3 + -6 - -7 - -5) - -12.
22
What is 24 - (18 - ((18 - 13) + -25))?
-14
Evaluate 12 - -1 - (-3 + 72 + -9 + (10 - 4)).
-53
What is (1 - -169) + 2249 + -2349?
70
-1923 + 1939 + -34 + -2 + 1 + (4 - 16)
-31
-229 - -251 - (-29 + 101)
-50
What is -6 - ((4 + 0 - -13) + -8 - 69)?
54
What is 30 - (-49 + 8 + 12 - -6)?
53
What is the value of (59 - 89) + -31 + 92?
31
Calculate -4 + 25 + -1 + -140 - -34.
-86
Evaluate -1 + 44 + -1 - (18 - (-35 - (-51 - 2))).
42
What is the value of -69 + 96 + 148 + -281?
-106
(-2254 + 2359 - (32 + 1)) + 27
99
What is the value of -25 - (-22 + -26 + 38) - 28?
-43
Evaluate 0 - -15 - (-32 + (8 + -65 - -28)).
76
Evaluate 42 - (12 - (14 - (6 + 15) - -6) - 5).
34
What is the value of 6 + (-139 + 134 - (1 + 18 - -2))?
-20
-55 + 70 + 1 + 25 - -12
53
What is 0 - (5 - 5) - (584 - 636)?
52
Calculate (-105 - -50 - 10) + (-6 - 14).
-85
-13 + -9 + (47 - 17) - 55
-47
19 + (23 - 13 - -12)
41
Evaluate 32 + -1 - (12 - 11) - (45 + -60).
45
What is -11 + -92 + 74 + 0 + 3 - (0 + 4)?
-30
46 - (47 - -2) - (-13 - 0) - 24
-14
Calculate (36 - (22 + -4)) + (-1 - (-7 - -11)).
13
What is the value of -119 + 226 + -98 + 1?
10
0 + 61 - ((0 - -37) + -55)
79
Calculate (33 + -8 - (-51 - -67)) + -21.
-12
What is the value of (-2 + 1 - (-129 + 129)) + 3 + 85 + -6?
81
What is the value of 28 + -4 - ((0 - 10) + 30)?
4
Calculate 6 - 99 - (19 - 13) - (-77 - -95).
-117
Evaluate (-4 - (-42 + 3 - -56)) + -23 + -2.
-46
Evaluate -34 + (-2 + 12 - (40 + 3 - 49)).
-18
What is the value of -6 + (27 - 2) + (23 - 78 - -35)?
-1
Calculate -22 - (101 + -96 + -65).
38
Evaluate (-3 - 4) + -2 + 5 + (13 - 2).
7
What is the value of (-5 - -5) + (6 - 2) + -2 - -76?
78
What is 55 + (6 - 1) - 2 - (6 + 7)?
45
Evaluate 3 - -3 - (-31 - (32 - 58)) - -2.
13
Evaluate 22 - (103 + (-42 - -10 - -34)).
-83
Calculate -46 + (-7 - (-12 - -10)) + -1 + 7.
-45
What is the value of (-1 - (-5 - (-1 - -4 - 2))) + -69 + -7?
-71
What is the value of (-827 - -846) + -3 + 11 + -4 + 0 + 0?
23
(-30 - 1) + (19 + -18 - ((0 - -3) + -2))
-31
Calculate (19 - (-13 + 38)) + (-3 - -9 - (0 + 0)).
0
What is the value of -3 + 1 + 14 - (17 + -14) - -50?
59
What is -118 + 16 + (38 - -51)?
-13
Calculate -85 - (-9 + (-2 - 72)).
-2
Calculate 0 + 6 - ((51 - 38) + 21 + -54).
26
What is the value of -49 + 26 - -50 - -13?
40
Calculate (4 - -2) + (25 - -4) + (6 - -9).
50
(-1 - 4) + (-26 - -46 - 9) + 23
29
Evaluate -10 - (-64 + (3 - (17 + -9 + -16))).
43
-5 - (-4 - -23) - (-223 - -212)
-13
Calculate 26 - ((39 - 90) + -2).
79
What is 20 + -2 + (45 - 31 - 9)?
23
Evaluate (-547 - -522) + 0 + 8.
-17
3 + (-8 - (2 - (-12 - -6) - 27))
14
-3 + -4 + -14 - (-27 + 37)
-31
What is the value of -5 + 47 - (-66 - -107) - (-33 - -1)?
33
-6 + -12 + -15 + (18 - 0)
-15
What is (-15 - 44) + 66 - 11?
-4
What is the value of 96 + (10 - (34 + 2 + -37))?
107
What is (110 - 339 - -222) + -6 + 0?
-13
Evaluate -3 + (4 - (14 - (1 + 9) - 40)).
37
What is the value of 75 - (2 - -24 - 3)?
52
What is -38 - (7 - (0 - -6 - -4 - -16) - -11)?
-30
Evaluate 26 + (1 - (29 + 44)) - 18.
-64
What is the value of -15 - (59 + -13) - (2 + -1 + -10)?
-52
Calculate (24 - (29 + 166)) + 87.
-84
What is the value of 3 + -1 - (-5 + -2 + -1 + -30 + 127)?
-87
Evaluate (1 + 0 - -5) + -41 + -40 + 228 + -4.
149
Evaluate -6 + 21 + -16 - (-6 + (2 - 1)) - -2.
6
Evaluate 8 + -8 + 0 - (12 + -21 + 6 + -81).
84
What is -5 + (6 - (11 - -9)) - 11?
-30
What is the value of -64 + 2 + 30 + -21 + (2 - 4)?
-55
Evaluate 50 + (31 - (57 - -6)).
18
What is 9 - 29 - -46 - (0 - (3 - -6))?
35
What is -31 - (27 - 54) - (2 - -7 - 3)?
-10
Calculate -127 + (-18 - (-27 + 44 + -48)).
-114
What is the value of 34 + 23 + (-133 - 10)?
-86
What is the value of 6 + -39 - (-15 + 9 - 10)?
-17
(1 - 1) + (32 - 36) + -3 + -22 + 13
-16
Calculate -9 + (33 - 12) - (-4 - -4 - 0).
12
What is (-24 + 9 - (-36 - -34)) + -37?
-50
What is -306 - -287 - (-8 + -2) - ((2 - 2) + 5)?
